{"id":561,"date":"2025-06-17T18:05:26","date_gmt":"2025-06-17T16:05:26","guid":{"rendered":"https:\/\/www.croquetsdefrance.com\/?page_id=561"},"modified":"2025-10-16T14:19:35","modified_gmt":"2025-10-16T12:19:35","slug":"regles-du-jeu","status":"publish","type":"page","link":"https:\/\/www.croquetsdefrance.com\/index.php\/regles-du-jeu\/","title":{"rendered":"R\u00e8gles du jeu"},"content":{"rendered":"\t\t<div data-elementor-type=\"wp-page\" data-elementor-id=\"561\" class=\"elementor elementor-561\">\n\t\t\t\t<div class=\"elementor-element elementor-element-74d7a69 e-con-full e-flex e-con e-parent\" data-id=\"74d7a69\" data-element_type=\"container\" data-e-type=\"container\">\n\t\t\t\t<div class=\"elementor-element elementor-element-aaaf507 elementor-widget elementor-widget-text-editor\" data-id=\"aaaf507\" data-element_type=\"widget\" data-e-type=\"widget\" data-widget_type=\"text-editor.default\">\n\t\t\t\t<div class=\"elementor-widget-container\">\n\t\t\t\t\t\t\t\t\t<p><span style=\"color: #000000;\"><strong>Le Golf Croquet<\/strong><\/span><\/p><p><span style=\"color: #000000;\"><strong>R\u00e8gles de Saint Briac<\/strong><\/span><\/p><p><span style=\"color: #000000;\"><strong>Le Croquet et Saint Briac<\/strong><\/span><\/p><p><span style=\"color: #000000;\">Le Golf Croquet est maintenant la forme de Croquet la plus populaire dans le monde. Il est plus simple que l\u2019Association Croquet, la forme traditionnelle du jeu, et beaucoup plus facile \u00e0 apprendre. N\u00e9anmoins c\u2019est un jeu de strat\u00e9gie et d\u2019adresse formidable.<\/span><\/p><p><span style=\"color: #000000;\">Le Croquet est tout nouveau \u00e0 Saint Briac et notre terrain n\u2019approche pas la qualit\u00e9 des pelouses utilis\u00e9es pour les grandes comp\u00e9titions ou chez les Clubs qui ont un si\u00e8cle d\u2019histoire. Une pelouse qui ressemble \u00e0 la surface d\u2019une table de billard prend plusieurs ann\u00e9es de soin. Nous avons donc l\u00e9g\u00e8rement modifi\u00e9 les r\u00e8gles du Golf Croquet pour mieux s\u2019amuser \u00e0 Saint Briac.<\/span><\/p><p><span style=\"color: #000000;\"><strong>Le Golf Croquet de base<\/strong><\/span><\/p><p><span style=\"color: #000000;\">Le Golf croquet se joue sur un terrain qui est \u00e0 peu pr\u00e8s de 32 m\u00e8tres par 26 m\u00e8tres. Il y a six arceaux, positionn\u00e9s comme ceci\u00a0:-<\/span><\/p>\t\t\t\t\t\t\t\t<\/div>\n\t\t\t\t<\/div>\n\t\t\t\t<\/div>\n\t\t<div class=\"elementor-element elementor-element-7316172 e-flex e-con-boxed e-con e-parent\" data-id=\"7316172\" data-element_type=\"container\" data-e-type=\"container\">\n\t\t\t\t\t<div class=\"e-con-inner\">\n\t\t\t\t<div class=\"elementor-element elementor-element-643c666 elementor-widget elementor-widget-image\" data-id=\"643c666\" data-element_type=\"widget\" data-e-type=\"widget\" data-widget_type=\"image.default\">\n\t\t\t\t<div class=\"elementor-widget-container\">\n\t\t\t\t\t\t\t\t\t\t\t\t\t\t\t<img fetchpriority=\"high\" decoding=\"async\" width=\"242\" height=\"294\" src=\"https:\/\/www.croquetsdefrance.com\/wp-content\/uploads\/2025\/10\/Capture-decran-2025-06-17-175628.jpg\" class=\"attachment-large size-large wp-image-804\" alt=\"\" \/>\t\t\t\t\t\t\t\t\t\t\t\t\t\t\t<\/div>\n\t\t\t\t<\/div>\n\t\t\t\t<div class=\"elementor-element elementor-element-3485113 elementor-widget__width-initial elementor-widget elementor-widget-image\" data-id=\"3485113\" data-element_type=\"widget\" data-e-type=\"widget\" data-widget_type=\"image.default\">\n\t\t\t\t<div class=\"elementor-widget-container\">\n\t\t\t\t\t\t\t\t\t\t\t\t\t\t\t<img decoding=\"async\" src=\"https:\/\/www.croquetsdefrance.com\/wp-content\/uploads\/2025\/06\/Capture-decran-2025-06-17-175628.jpg\" title=\"\" alt=\"\" loading=\"lazy\" \/>\t\t\t\t\t\t\t\t\t\t\t\t\t\t\t<\/div>\n\t\t\t\t<\/div>\n\t\t\t\t\t<\/div>\n\t\t\t\t<\/div>\n\t\t<div class=\"elementor-element elementor-element-1de23c4 e-flex e-con-boxed e-con e-parent\" data-id=\"1de23c4\" data-element_type=\"container\" data-e-type=\"container\">\n\t\t\t\t\t<div class=\"e-con-inner\">\n\t\t\t\t<div class=\"elementor-element elementor-element-39b9782 elementor-widget elementor-widget-text-editor\" data-id=\"39b9782\" data-element_type=\"widget\" data-e-type=\"widget\" data-widget_type=\"text-editor.default\">\n\t\t\t\t<div class=\"elementor-widget-container\">\n\t\t\t\t\t\t\t\t\t<p><span style=\"color: #000000;\">On joue avec des maillets lourds et des boules qui p\u00e8sent 450 grammes. Si l\u2019herbe est bien coup\u00e9e et le terrain est plat, un joueur exp\u00e9riment\u00e9 peut facilement envoyer la boule d\u2019un bout du terrain \u00e0 l\u2019autre, et souvent passer un arceau \u00e0 10 m\u00e8tres. <em>(Le diam\u00e8tre de la boule est de 92 mm et l\u2019ouverture de l\u2019arceau mesure 95 mm\u2013 il faut bien viser!)<\/em><\/span><\/p><p><span style=\"color: #000000;\">Normalement on joue avec quatre boules, en simple ou en double. En simple, chaque joueur a deux boules et en double une seule. Les joueurs (ou \u00e9quipes) disputent chaque arceau dans la s\u00e9quence des chiffres ci-dessus mentionn\u00e9s. Quand un joueur r\u00e9ussi \u00e0 passer un arceau la comp\u00e9tition progresse au prochain arceau. Les boules sont toujours jou\u00e9es dans la s\u00e9quence Bleue \u2013 Rouge-Noire-Jaune.<\/span><\/p><p><span style=\"color: #000000;\">On joue une grande boucle comme d\u00e9montrer ici en dessous.<\/span><\/p>\t\t\t\t\t\t\t\t<\/div>\n\t\t\t\t<\/div>\n\t\t\t\t\t<\/div>\n\t\t\t\t<\/div>\n\t\t<div class=\"elementor-element elementor-element-8801b95 e-flex e-con-boxed e-con e-parent\" data-id=\"8801b95\" data-element_type=\"container\" data-e-type=\"container\">\n\t\t\t\t\t<div class=\"e-con-inner\">\n\t\t\t\t<div class=\"elementor-element elementor-element-b301f88 elementor-widget elementor-widget-image\" data-id=\"b301f88\" data-element_type=\"widget\" data-e-type=\"widget\" data-widget_type=\"image.default\">\n\t\t\t\t<div class=\"elementor-widget-container\">\n\t\t\t\t\t\t\t\t\t\t\t\t\t\t\t<img decoding=\"async\" width=\"246\" height=\"292\" src=\"https:\/\/www.croquetsdefrance.com\/wp-content\/uploads\/2025\/10\/Capture-decran-2025-06-17-180026-b.jpg\" class=\"attachment-large size-large wp-image-805\" alt=\"\" \/>\t\t\t\t\t\t\t\t\t\t\t\t\t\t\t<\/div>\n\t\t\t\t<\/div>\n\t\t\t\t<div class=\"elementor-element elementor-element-c371f6e elementor-widget elementor-widget-image\" data-id=\"c371f6e\" data-element_type=\"widget\" data-e-type=\"widget\" data-widget_type=\"image.default\">\n\t\t\t\t<div class=\"elementor-widget-container\">\n\t\t\t\t\t\t\t\t\t\t\t\t\t\t\t<img decoding=\"async\" src=\"https:\/\/www.croquetsdefrance.com\/wp-content\/uploads\/2025\/06\/Capture-decran-2025-06-17-180026-b.jpg\" title=\"\" alt=\"\" loading=\"lazy\" \/>\t\t\t\t\t\t\t\t\t\t\t\t\t\t\t<\/div>\n\t\t\t\t<\/div>\n\t\t\t\t\t<\/div>\n\t\t\t\t<\/div>\n\t\t<div class=\"elementor-element elementor-element-626df8c e-flex e-con-boxed e-con e-parent\" data-id=\"626df8c\" data-element_type=\"container\" data-e-type=\"container\">\n\t\t\t\t\t<div class=\"e-con-inner\">\n\t\t\t\t<div class=\"elementor-element elementor-element-286259b elementor-widget elementor-widget-text-editor\" data-id=\"286259b\" data-element_type=\"widget\" data-e-type=\"widget\" data-widget_type=\"text-editor.default\">\n\t\t\t\t<div class=\"elementor-widget-container\">\n\t\t\t\t\t\t\t\t\t<p><span style=\"color: #000000;\">Apr\u00e8s l\u2019arceau num\u00e9ro 6 on joue dans le sens contraire commen\u00e7ant avec l\u2019arceau num\u00e9ro 2.<\/span><\/p><p><span style=\"color: #000000;\">L\u2019\u00e9quipe gagnante est la premi\u00e8re qui marque sept arceaux. Si on arrive \u00e0 6 partout, on joue l\u2019arceau num\u00e9ro 3 comme tie-break.<\/span><\/p><p><span style=\"color: #000000;\">Il y a beaucoup d\u2019autre r\u00e8gles mais on va les laisser de c\u00f4t\u00e9 pour le moment.<a style=\"color: #000000;\" href=\"https:\/\/www.croquet.org.uk\/?p=games\/golf\/rules\/gcBasicRules\">Les r\u00e8gles compl\u00e8tes (en Anglais)<\/a><\/span><\/p><p><span style=\"color: #000000;\"><strong>Les R\u00e8gles \u00e0 Saint Briac<\/strong><\/span><\/p><p><span style=\"color: #000000;\">On peut jouer \u00e0 2, 3, 4, 5 ou 6 en m\u00e8me temps. On ajoute deux boules additionnelles (Verte et Blanche) qui sont jou\u00e9es apr\u00e8s la boule jaune. Donc la s\u00e9quence des boules est:-<\/span><\/p><p><span style=\"color: #000000;\"><strong>Bleue, Rouge, Noire, Jaune, Verte, Blanche <\/strong>tel qu\u2019indiqu\u00e9 sur le poteau central.<\/span><\/p><ul><li><span style=\"color: #000000;\">Avec deux joueurs il vaut mieux jouer avec deux boules par personne. (Bleue et Noire contre Rouge et Jaune)<\/span><\/li><li><span style=\"color: #000000;\">Avec trois joueurs, chaque personne joue avec deux boules. (Bleue et Jaune, Rouge et Verte, Noire et Blanche)<\/span><\/li><li><span style=\"color: #000000;\">Avecquatre joueurs il faut former deux \u00e9quipes et ne jouer qu\u2019avec quatre boules. Chaque joueur a sa propre boule et on laisse la verte et la blanche \u00e0 c\u00f4t\u00e9.<\/span><\/li><li><span style=\"color: #000000;\">Avec cinq joueurs il faut former deux \u00e9quipes de deux et un joueur va jouer seul avec deux boules.<\/span><\/li><li><span style=\"color: #000000;\">Avec six joueurs il vaut mieuxformer trois \u00e9quipes de deux et jouer avec 6 boules(Bleue et Jaune, Rouge et Verte, Noire et Blanche)<\/span><\/li><\/ul><p><span style=\"color: #000000;\"><strong>Comme le terrain est difficile, il y a une importante r\u00e8gle additionnelle. Si un joueur frappe sa boule contre une autre (de son \u00e9quipe ou l\u2019opposition) il a le droit de prendre un autre coup.<\/strong> S\u2019il r\u00e9ussi \u00e0 frapper une autre boule il re\u00e7oit un autre coup additionnel et ainsi de suite. <em>(Une fois qu\u2019une boule a \u00e9t\u00e9 frapp\u00e9e, il ne g\u00e9n\u00e8re pas un coup additionnel jusqu\u2019\u00e0 ce que le tour du joueur est termin\u00e9. On dit que la boule est \u2018morte\u2019).<\/em><\/span><\/p><p><span style=\"color: #000000;\">Cette r\u00e8gle permet \u00e0 un joueur de progresser rapidement d\u2019un arceau au prochain, en rebondissant sur les autres boules. Aussi, elle complique la strat\u00e9gie autour d\u2019un arceau &#8211; se positionner juste devant l\u2019arceau est tr\u00e8s dangereux, parce qu\u2019un autre joueur peut vous frapper avec sa boule, rester en place, et passer l\u2019arceau avec le coup suppl\u00e9mentaire!\u00a0\u00a0<\/span><\/p><p><span style=\"color: #000000;\">Il ne faut pas oublier qu\u2019au Golf Croquet, bien que l\u2019objectif soit de passer un arceau, souvent il vaut mieux renvoyer la boule de l\u2019opposant en la frappant avec sa propre boule.<\/span><\/p><p><span style=\"color: #000000;\"><em>\u201c<\/em><em>Le Croquet est un jeu pervers, mais jou\u00e9 par des gens tr\u00e8s gentils.\u2019\u2019<\/em><\/span><\/p>\t\t\t\t\t\t\t\t<\/div>\n\t\t\t\t<\/div>\n\t\t\t\t\t<\/div>\n\t\t\t\t<\/div>\n\t\t<div class=\"elementor-element elementor-element-5dd6646 e-flex e-con-boxed e-con e-parent\" data-id=\"5dd6646\" data-element_type=\"container\" data-e-type=\"container\">\n\t\t\t\t\t<div class=\"e-con-inner\">\n\t\t\t\t<div class=\"elementor-element elementor-element-703628d elementor-widget elementor-widget-image\" data-id=\"703628d\" data-element_type=\"widget\" data-e-type=\"widget\" data-widget_type=\"image.default\">\n\t\t\t\t<div class=\"elementor-widget-container\">\n\t\t\t\t\t\t\t\t\t\t\t\t<figure class=\"wp-caption\">\n\t\t\t\t\t\t\t\t\t\t<img decoding=\"async\" width=\"318\" height=\"187\" src=\"https:\/\/www.croquetsdefrance.com\/wp-content\/uploads\/2025\/06\/Billy-the-kid.jpg\" class=\"attachment-large size-large wp-image-565\" alt=\"\" \/>\t\t\t\t\t\t\t\t\t\t\t<figcaption class=\"widget-image-caption wp-caption-text\">Billy the kid<\/figcaption>\n\t\t\t\t\t\t\t\t\t\t<\/figure>\n\t\t\t\t\t\t\t\t\t<\/div>\n\t\t\t\t<\/div>\n\t\t\t\t\t<\/div>\n\t\t\t\t<\/div>\n\t\t<div class=\"elementor-element elementor-element-e9ae1ea e-flex e-con-boxed e-con e-parent\" data-id=\"e9ae1ea\" data-element_type=\"container\" data-e-type=\"container\">\n\t\t\t\t\t<div class=\"e-con-inner\">\n\t\t\t\t<div class=\"elementor-element elementor-element-8f8e168 elementor-widget elementor-widget-text-editor\" data-id=\"8f8e168\" data-element_type=\"widget\" data-e-type=\"widget\" data-widget_type=\"text-editor.default\">\n\t\t\t\t<div class=\"elementor-widget-container\">\n\t\t\t\t\t\t\t\t\t<p><span style=\"color: #000000;\"><strong>Quelques r\u00e8gles additionnelles<\/strong><\/span><\/p><p><span style=\"color: #000000;\"><strong>Hors-jeu<\/strong><\/span><\/p><p><span style=\"color: #000000;\">Pour emp\u00eacher qu\u2019un joueur qui pense qu\u2019il va perdre un arceau profite de la situation en allant se pla\u00e7ant \u00e0 c\u00f4t\u00e9 de l\u2019arceau suivant, il y une r\u00e8gle du hors-jeu.<\/span><\/p><p><span style=\"color: #000000;\">Elle ne s\u2019applique qu\u2019au moment ou un des joueurs passe un arceau et marque un point.<\/span><\/p><p><span style=\"color: #000000;\">A cet instant, toute boule qui se trouve \u00e0 plus que la moiti\u00e9 de la distance vers le prochain arceau est hors-jeu, et son propri\u00e9taire doit la prendre dans ses mains et l\u2019amener \u00e0 la zone de p\u00e9nalit\u00e9 indiqu\u00e9e par un des ses opposants. Pour faciliter la d\u00e9termination d\u2019une position de hors-jeu, on imagine qu\u2019il y ait un jeu de lignes virtuelles entre les arceaux, comme d\u00e9montr\u00e9 ci-dessous.<\/span><\/p>\t\t\t\t\t\t\t\t<\/div>\n\t\t\t\t<\/div>\n\t\t\t\t\t<\/div>\n\t\t\t\t<\/div>\n\t\t<div class=\"elementor-element elementor-element-2cec6ca e-flex e-con-boxed e-con e-parent\" data-id=\"2cec6ca\" data-element_type=\"container\" data-e-type=\"container\">\n\t\t\t\t\t<div class=\"e-con-inner\">\n\t\t\t\t<div class=\"elementor-element elementor-element-94dce5a elementor-widget elementor-widget-image\" data-id=\"94dce5a\" data-element_type=\"widget\" data-e-type=\"widget\" data-widget_type=\"image.default\">\n\t\t\t\t<div class=\"elementor-widget-container\">\n\t\t\t\t\t\t\t\t\t\t\t\t\t\t\t<img decoding=\"async\" src=\"https:\/\/www.croquetsdefrance.com\/wp-content\/uploads\/2025\/06\/Capture-decran-a.jpg\" title=\"\" alt=\"\" loading=\"lazy\" \/>\t\t\t\t\t\t\t\t\t\t\t\t\t\t\t<\/div>\n\t\t\t\t<\/div>\n\t\t\t\t\t<\/div>\n\t\t\t\t<\/div>\n\t\t<div class=\"elementor-element elementor-element-7260e70 e-flex e-con-boxed e-con e-parent\" data-id=\"7260e70\" data-element_type=\"container\" data-e-type=\"container\">\n\t\t\t\t\t<div class=\"e-con-inner\">\n\t\t\t\t<div class=\"elementor-element elementor-element-3b5f119 elementor-widget elementor-widget-text-editor\" data-id=\"3b5f119\" data-element_type=\"widget\" data-e-type=\"widget\" data-widget_type=\"text-editor.default\">\n\t\t\t\t<div class=\"elementor-widget-container\">\n\t\t\t\t\t\t\t\t\t<p><span style=\"color: #000000;\">Les ligne bleues s\u2019appliquent quand on vient de passer les arceaux (1,2,3,5,7,9,11 et 12)<\/span><\/p><p><span style=\"color: #000000;\">Les lignes jaunes s\u2019appliquent apr\u00e8s les arceaux (4,6,10)<\/span><\/p><p><span style=\"color: #000000;\"><strong>Arceau d\u2019or<\/strong><\/span><\/p><p><span style=\"color: #000000;\">Si aucune \u00e9quipe n\u2019a gagn\u00e9 la partie <em>(ayant marqu\u00e9 7 points)<\/em> apr\u00e8s l\u2019arceau 12, on rejoue l\u2019arceau 3 en l\u2019appelant <strong>l\u2019arceau d\u2019or<\/strong>. A Saint Briac, cet arceau compte 2 points!<\/span><\/p>\t\t\t\t\t\t\t\t<\/div>\n\t\t\t\t<\/div>\n\t\t\t\t\t<\/div>\n\t\t\t\t<\/div>\n\t\t\t\t<\/div>\n\t\t","protected":false},"excerpt":{"rendered":"<p>Le Golf Croquet R\u00e8gles de Saint Briac Le Croquet et Saint Briac Le Golf Croquet est maintenant la forme de Croquet la plus populaire dans le monde. Il est plus simple que l\u2019Association Croquet, la forme traditionnelle du jeu, et beaucoup plus facile \u00e0 apprendre. N\u00e9anmoins c\u2019est un jeu de strat\u00e9gie et d\u2019adresse formidable. Le [&hellip;]<\/p>\n","protected":false},"author":1,"featured_media":0,"parent":0,"menu_order":0,"comment_status":"closed","ping_status":"closed","template":"","meta":{"_monsterinsights_skip_tracking":false,"_monsterinsights_sitenote_active":false,"_monsterinsights_sitenote_note":"","_monsterinsights_sitenote_category":0,"footnotes":""},"class_list":["post-561","page","type-page","status-publish","hentry"],"yoast_head":"<!-- This site is optimized with the Yoast SEO plugin v27.4 - https:\/\/yoast.com\/product\/yoast-seo-wordpress\/ -->\n<title>R\u00e8gles du jeu - Croquets de France<\/title>\n<meta name=\"robots\" content=\"index, follow, max-snippet:-1, max-image-preview:large, max-video-preview:-1\" \/>\n<link rel=\"canonical\" href=\"https:\/\/www.croquetsdefrance.com\/index.php\/regles-du-jeu\/\" \/>\n<meta property=\"og:locale\" content=\"fr_FR\" \/>\n<meta property=\"og:type\" content=\"article\" \/>\n<meta property=\"og:title\" content=\"R\u00e8gles du jeu - Croquets de France\" \/>\n<meta property=\"og:description\" content=\"Le Golf Croquet R\u00e8gles de Saint Briac Le Croquet et Saint Briac Le Golf Croquet est maintenant la forme de Croquet la plus populaire dans le monde. Il est plus simple que l\u2019Association Croquet, la forme traditionnelle du jeu, et beaucoup plus facile \u00e0 apprendre. N\u00e9anmoins c\u2019est un jeu de strat\u00e9gie et d\u2019adresse formidable. Le [&hellip;]\" \/>\n<meta property=\"og:url\" content=\"https:\/\/www.croquetsdefrance.com\/index.php\/regles-du-jeu\/\" \/>\n<meta property=\"og:site_name\" content=\"Croquets de France\" \/>\n<meta property=\"article:publisher\" content=\"https:\/\/www.facebook.com\/profile.php?id=61570741047917&amp;locale=fr_FR\" \/>\n<meta property=\"article:modified_time\" content=\"2025-10-16T12:19:35+00:00\" \/>\n<meta property=\"og:image\" content=\"https:\/\/www.croquetsdefrance.com\/wp-content\/uploads\/2025\/10\/Capture-decran-2025-06-17-175628.jpg\" \/>\n\t<meta property=\"og:image:width\" content=\"242\" \/>\n\t<meta property=\"og:image:height\" content=\"294\" \/>\n\t<meta property=\"og:image:type\" content=\"image\/jpeg\" \/>\n<meta name=\"twitter:card\" content=\"summary_large_image\" \/>\n<meta name=\"twitter:label1\" content=\"Dur\u00e9e de lecture estim\u00e9e\" \/>\n\t<meta name=\"twitter:data1\" content=\"6 minutes\" \/>\n<script type=\"application\/ld+json\" class=\"yoast-schema-graph\">{\"@context\":\"https:\\\/\\\/schema.org\",\"@graph\":[{\"@type\":\"WebPage\",\"@id\":\"https:\\\/\\\/www.croquetsdefrance.com\\\/index.php\\\/regles-du-jeu\\\/\",\"url\":\"https:\\\/\\\/www.croquetsdefrance.com\\\/index.php\\\/regles-du-jeu\\\/\",\"name\":\"R\u00e8gles du jeu - Croquets de France\",\"isPartOf\":{\"@id\":\"https:\\\/\\\/www.croquetsdefrance.com\\\/#website\"},\"primaryImageOfPage\":{\"@id\":\"https:\\\/\\\/www.croquetsdefrance.com\\\/index.php\\\/regles-du-jeu\\\/#primaryimage\"},\"image\":{\"@id\":\"https:\\\/\\\/www.croquetsdefrance.com\\\/index.php\\\/regles-du-jeu\\\/#primaryimage\"},\"thumbnailUrl\":\"https:\\\/\\\/www.croquetsdefrance.com\\\/wp-content\\\/uploads\\\/2025\\\/10\\\/Capture-decran-2025-06-17-175628.jpg\",\"datePublished\":\"2025-06-17T16:05:26+00:00\",\"dateModified\":\"2025-10-16T12:19:35+00:00\",\"breadcrumb\":{\"@id\":\"https:\\\/\\\/www.croquetsdefrance.com\\\/index.php\\\/regles-du-jeu\\\/#breadcrumb\"},\"inLanguage\":\"fr-FR\",\"potentialAction\":[{\"@type\":\"ReadAction\",\"target\":[\"https:\\\/\\\/www.croquetsdefrance.com\\\/index.php\\\/regles-du-jeu\\\/\"]}]},{\"@type\":\"ImageObject\",\"inLanguage\":\"fr-FR\",\"@id\":\"https:\\\/\\\/www.croquetsdefrance.com\\\/index.php\\\/regles-du-jeu\\\/#primaryimage\",\"url\":\"https:\\\/\\\/www.croquetsdefrance.com\\\/wp-content\\\/uploads\\\/2025\\\/10\\\/Capture-decran-2025-06-17-175628.jpg\",\"contentUrl\":\"https:\\\/\\\/www.croquetsdefrance.com\\\/wp-content\\\/uploads\\\/2025\\\/10\\\/Capture-decran-2025-06-17-175628.jpg\",\"width\":242,\"height\":294},{\"@type\":\"BreadcrumbList\",\"@id\":\"https:\\\/\\\/www.croquetsdefrance.com\\\/index.php\\\/regles-du-jeu\\\/#breadcrumb\",\"itemListElement\":[{\"@type\":\"ListItem\",\"position\":1,\"name\":\"Accueil\",\"item\":\"https:\\\/\\\/www.croquetsdefrance.com\\\/\"},{\"@type\":\"ListItem\",\"position\":2,\"name\":\"R\u00e8gles du jeu\"}]},{\"@type\":\"WebSite\",\"@id\":\"https:\\\/\\\/www.croquetsdefrance.com\\\/#website\",\"url\":\"https:\\\/\\\/www.croquetsdefrance.com\\\/\",\"name\":\"Croquets de France\",\"description\":\"Club de Saint Briac\",\"publisher\":{\"@id\":\"https:\\\/\\\/www.croquetsdefrance.com\\\/#organization\"},\"potentialAction\":[{\"@type\":\"SearchAction\",\"target\":{\"@type\":\"EntryPoint\",\"urlTemplate\":\"https:\\\/\\\/www.croquetsdefrance.com\\\/?s={search_term_string}\"},\"query-input\":{\"@type\":\"PropertyValueSpecification\",\"valueRequired\":true,\"valueName\":\"search_term_string\"}}],\"inLanguage\":\"fr-FR\"},{\"@type\":\"Organization\",\"@id\":\"https:\\\/\\\/www.croquetsdefrance.com\\\/#organization\",\"name\":\"Croquets de France\",\"url\":\"https:\\\/\\\/www.croquetsdefrance.com\\\/\",\"logo\":{\"@type\":\"ImageObject\",\"inLanguage\":\"fr-FR\",\"@id\":\"https:\\\/\\\/www.croquetsdefrance.com\\\/#\\\/schema\\\/logo\\\/image\\\/\",\"url\":\"http:\\\/\\\/www.croquetsdefrance.com\\\/wp-content\\\/uploads\\\/2024\\\/10\\\/logo-4.jpg\",\"contentUrl\":\"http:\\\/\\\/www.croquetsdefrance.com\\\/wp-content\\\/uploads\\\/2024\\\/10\\\/logo-4.jpg\",\"width\":208,\"height\":198,\"caption\":\"Croquets de France\"},\"image\":{\"@id\":\"https:\\\/\\\/www.croquetsdefrance.com\\\/#\\\/schema\\\/logo\\\/image\\\/\"},\"sameAs\":[\"https:\\\/\\\/www.facebook.com\\\/profile.php?id=61570741047917&locale=fr_FR\"]}]}<\/script>\n<!-- \/ Yoast SEO plugin. -->","yoast_head_json":{"title":"R\u00e8gles du jeu - Croquets de France","robots":{"index":"index","follow":"follow","max-snippet":"max-snippet:-1","max-image-preview":"max-image-preview:large","max-video-preview":"max-video-preview:-1"},"canonical":"https:\/\/www.croquetsdefrance.com\/index.php\/regles-du-jeu\/","og_locale":"fr_FR","og_type":"article","og_title":"R\u00e8gles du jeu - Croquets de France","og_description":"Le Golf Croquet R\u00e8gles de Saint Briac Le Croquet et Saint Briac Le Golf Croquet est maintenant la forme de Croquet la plus populaire dans le monde. Il est plus simple que l\u2019Association Croquet, la forme traditionnelle du jeu, et beaucoup plus facile \u00e0 apprendre. N\u00e9anmoins c\u2019est un jeu de strat\u00e9gie et d\u2019adresse formidable. Le [&hellip;]","og_url":"https:\/\/www.croquetsdefrance.com\/index.php\/regles-du-jeu\/","og_site_name":"Croquets de France","article_publisher":"https:\/\/www.facebook.com\/profile.php?id=61570741047917&locale=fr_FR","article_modified_time":"2025-10-16T12:19:35+00:00","og_image":[{"width":242,"height":294,"url":"https:\/\/www.croquetsdefrance.com\/wp-content\/uploads\/2025\/10\/Capture-decran-2025-06-17-175628.jpg","type":"image\/jpeg"}],"twitter_card":"summary_large_image","twitter_misc":{"Dur\u00e9e de lecture estim\u00e9e":"6 minutes"},"schema":{"@context":"https:\/\/schema.org","@graph":[{"@type":"WebPage","@id":"https:\/\/www.croquetsdefrance.com\/index.php\/regles-du-jeu\/","url":"https:\/\/www.croquetsdefrance.com\/index.php\/regles-du-jeu\/","name":"R\u00e8gles du jeu - Croquets de France","isPartOf":{"@id":"https:\/\/www.croquetsdefrance.com\/#website"},"primaryImageOfPage":{"@id":"https:\/\/www.croquetsdefrance.com\/index.php\/regles-du-jeu\/#primaryimage"},"image":{"@id":"https:\/\/www.croquetsdefrance.com\/index.php\/regles-du-jeu\/#primaryimage"},"thumbnailUrl":"https:\/\/www.croquetsdefrance.com\/wp-content\/uploads\/2025\/10\/Capture-decran-2025-06-17-175628.jpg","datePublished":"2025-06-17T16:05:26+00:00","dateModified":"2025-10-16T12:19:35+00:00","breadcrumb":{"@id":"https:\/\/www.croquetsdefrance.com\/index.php\/regles-du-jeu\/#breadcrumb"},"inLanguage":"fr-FR","potentialAction":[{"@type":"ReadAction","target":["https:\/\/www.croquetsdefrance.com\/index.php\/regles-du-jeu\/"]}]},{"@type":"ImageObject","inLanguage":"fr-FR","@id":"https:\/\/www.croquetsdefrance.com\/index.php\/regles-du-jeu\/#primaryimage","url":"https:\/\/www.croquetsdefrance.com\/wp-content\/uploads\/2025\/10\/Capture-decran-2025-06-17-175628.jpg","contentUrl":"https:\/\/www.croquetsdefrance.com\/wp-content\/uploads\/2025\/10\/Capture-decran-2025-06-17-175628.jpg","width":242,"height":294},{"@type":"BreadcrumbList","@id":"https:\/\/www.croquetsdefrance.com\/index.php\/regles-du-jeu\/#breadcrumb","itemListElement":[{"@type":"ListItem","position":1,"name":"Accueil","item":"https:\/\/www.croquetsdefrance.com\/"},{"@type":"ListItem","position":2,"name":"R\u00e8gles du jeu"}]},{"@type":"WebSite","@id":"https:\/\/www.croquetsdefrance.com\/#website","url":"https:\/\/www.croquetsdefrance.com\/","name":"Croquets de France","description":"Club de Saint Briac","publisher":{"@id":"https:\/\/www.croquetsdefrance.com\/#organization"},"potentialAction":[{"@type":"SearchAction","target":{"@type":"EntryPoint","urlTemplate":"https:\/\/www.croquetsdefrance.com\/?s={search_term_string}"},"query-input":{"@type":"PropertyValueSpecification","valueRequired":true,"valueName":"search_term_string"}}],"inLanguage":"fr-FR"},{"@type":"Organization","@id":"https:\/\/www.croquetsdefrance.com\/#organization","name":"Croquets de France","url":"https:\/\/www.croquetsdefrance.com\/","logo":{"@type":"ImageObject","inLanguage":"fr-FR","@id":"https:\/\/www.croquetsdefrance.com\/#\/schema\/logo\/image\/","url":"http:\/\/www.croquetsdefrance.com\/wp-content\/uploads\/2024\/10\/logo-4.jpg","contentUrl":"http:\/\/www.croquetsdefrance.com\/wp-content\/uploads\/2024\/10\/logo-4.jpg","width":208,"height":198,"caption":"Croquets de France"},"image":{"@id":"https:\/\/www.croquetsdefrance.com\/#\/schema\/logo\/image\/"},"sameAs":["https:\/\/www.facebook.com\/profile.php?id=61570741047917&locale=fr_FR"]}]}},"_links":{"self":[{"href":"https:\/\/www.croquetsdefrance.com\/index.php\/wp-json\/wp\/v2\/pages\/561","targetHints":{"allow":["GET"]}}],"collection":[{"href":"https:\/\/www.croquetsdefrance.com\/index.php\/wp-json\/wp\/v2\/pages"}],"about":[{"href":"https:\/\/www.croquetsdefrance.com\/index.php\/wp-json\/wp\/v2\/types\/page"}],"author":[{"embeddable":true,"href":"https:\/\/www.croquetsdefrance.com\/index.php\/wp-json\/wp\/v2\/users\/1"}],"replies":[{"embeddable":true,"href":"https:\/\/www.croquetsdefrance.com\/index.php\/wp-json\/wp\/v2\/comments?post=561"}],"version-history":[{"count":6,"href":"https:\/\/www.croquetsdefrance.com\/index.php\/wp-json\/wp\/v2\/pages\/561\/revisions"}],"predecessor-version":[{"id":811,"href":"https:\/\/www.croquetsdefrance.com\/index.php\/wp-json\/wp\/v2\/pages\/561\/revisions\/811"}],"wp:attachment":[{"href":"https:\/\/www.croquetsdefrance.com\/index.php\/wp-json\/wp\/v2\/media?parent=561"}],"curies":[{"name":"wp","href":"https:\/\/api.w.org\/{rel}","templated":true}]}}